n divisor of 650 and a.
50
Suppose -40*u + 0*u + 1120 = 0. Calculate the greatest common factor of u and 1708.
28
Suppose 2*c = 0, v - 2*c = -2*v + 66. Let w = v - 19. Let f be 20 + (27/w)/(-3). What is the greatest common factor of f and 17?
17
Let n(f) = 5*f**3 + 2 + 25*f**2 - 29*f**2 - 13*f**3 - 2*f. Let v be n(-2). Let w be ((-20)/15)/((-3)/v). What is the greatest common divisor of w and 60?
12
Let i be -4*-4*(-18)/(-16). Calculate the greatest common factor of i and 9.
9
Suppose 1140 = 4*p + 4*s, 1433 = -7*p + 12*p - 3*s. Calculate the highest common factor of 66 and p.
22
Let z = -328 + 400. Calculate the greatest common divisor of 152 and z.
8
Let q(k) = 10 + 1 + 14*k + 7*k - 20*k. Let l = -2 + -6. Let c be q(l). What is the highest common factor of 15 and c?
3
Let s = 1260 + -1161. What is the greatest common divisor of 176 and s?
11
Let f = 648 - 543. Calculate the greatest common divisor of f and 30.
15
Let r(t) = -t**2 - 5*t. Let f be r(-4). Suppose -2 = -w + f. Let z(a) = -a**2 + 9*a - 5. Let u be z(w). Calculate the highest common divisor of 13 and u.
13
Suppose -3*x = 2*x - 40. Let a = 100 + -3. Suppose -96 = -a*i + 94*i. What is the highest common factor of x and i?
8
Let d(u) = -87*u + 159. Let o be d(-7). Calculate the greatest common divisor of 48 and o.
48
Suppose 12 = -2*r + 5*l + 69, 5*l - 6 = -r. Suppose 0 = -3*z + z + 336. What is the greatest common divisor of z and r?
21
Let s(y) = 32*y + 5. Let l be s(6). Let x = -117 + l. Calculate the highest common divisor of x and 10.
10
Let v = 110 + -160. Let t = 76 + v. Suppose 0 = -0*q + 5*q - 520. Calculate the greatest common divisor of t and q.
26
Let w be 5 + (1 + 3 - 5) - -4. What is the highest common divisor of w and 4?
4
Suppose 36 = 65*k - 64*k. What is the greatest common divisor of 48 and k?
12
Suppose 5*g + 2*n = -5 + 35, 0 = 5*g + 4*n - 20. What is the highest common divisor of 300 and g?
4
Let w(s) = -s**3 + 9*s**2 + 4*s - 12. Let u be w(9). Suppose k - u = -3*k. Calculate the highest common factor of k and 48.
6
Suppose -5*j = 332 - 882. Suppose -4*m + 350 - j = 0. Suppose m = -2*l + 5*l. Calculate the greatest common factor of 4 and l.
4
Let k = 29 - 17. Let s = -19 - -24. Suppose k = 2*r - s*m, -4*r - 3*m + 24 = -4*m. What is the highest common divisor of 54 and r?
6
Suppose 0 = -4*n - 2*j + 1954, 7*n - j - 1453 = 4*n. What is the highest common divisor of n and 6?
6
Let v(u) = -u**3 - 4*u**2 + 3*u - 66. Let j be v(-10). What is the greatest common factor of j and 56?
56
Let a = -226 - -479. Calculate the greatest common factor of a and 23.
23
Suppose 65 = 3*v - 19. Suppose 0 = -5*i + z + 15, 0 = 2*i + z - 2*z - 3. What is the highest common divisor of i and v?
4
Let l = -18 - -20. Suppose -4*g + l*g + 10 = 0. Suppose 0 = -g*m + 70 - 5. Calculate the highest common divisor of 52 and m.
13
Let o = 10 - 4. Suppose -489*h = -485*h - 264. Calculate the highest common factor of h and o.
6
Let w = 9 + -7. Suppose -w*j + 6*j - 36 = 2*x, 5*j = -x + 31. Let l be (-13 + j)/(-1*2). What is the highest common divisor of l and 27?
3
Suppose 5*w - 5*l = 3030, -2*w - 5*l + 1287 - 103 = 0. Calculate the greatest common factor of 14 and w.
14
Suppose -3*p + 5 = 17. Let x = p - -6. Suppose x*a = -3*k + 144, 3*k + 90 = 4*a - 198. Calculate the highest common divisor of 9 and a.
9
Suppose -2*u + 2*z + 4 = -12, z - 57 = -4*u. Suppose 4*p - 39 = p. What is the highest common divisor of u and p?
13
Let x be (14 - 2)*8/12. Suppose 2*i = 2*p + 74, -2*p - 75 - 31 = -3*i. What is the greatest common divisor of i and x?
8
Let j = -521 - -531. Calculate the highest common factor of 610 and j.
10
Let w = -2 + -4. Let j = 0 + w. Let d be -1 + (-3)/j*4. Calculate the highest common divisor of d and 3.
1
Let y be (218/3)/((-2)/3). Let l = 116 + y. What is the greatest common factor of l and 91?
7
Let c = 69 - 38. Calculate the greatest common factor of 403 and c.
31
Suppose 0 = n - 1, 3*f = -3*n + 8 + 1. Suppose 13 = f*m - 19. Let w(i) = -i**2 + 48. Let g be w(0). What is the highest common divisor of m and g?
16
Suppose -5*d = -5*f - 0*f - 30, -2*f - 3*d = 12. Let x(h) = -h**2 - 7*h - 2. Let n be x(f). Let m = -34 + 46. What is the greatest common divisor of m and n?
4
Let x(m) = 38*m + 16. Let i be x(3). Suppose -i = -4*p + 442. What is the highest common factor of 11 and p?
11
Suppose -6*y = -y - 10. Suppose 4*h + 32 = y*s, 3*h = -3*s + 2*h + 13. Calculate the greatest common divisor of 18 and s.
6
Let k = -63 + 210. Calculate the highest common factor of k and 42.
21
Let h(k) = 2 - 3*k**2 + 2*k**3 + 8*k - k**2 + 5*k - 3*k**2. Let v be h(4). What is the highest common factor of v and 10?
10
Suppose -5*x - 960 = 5*y, 3*x = 2*y - 6*y - 572. Let n = -174 - x. Let w be 1*-1*1 + 243. What is the highest common divisor of w and n?
22
Suppose 11*z - 6426 - 306 = 0. What is the highest common factor of 36 and z?
36
Let s be 2/(-8) + 2/8. Let b be (s + -1)/((-5)/(-15)). Let w = 45 + b. Calculate the greatest common factor of w and 14.
14
Let t(p) = -7*p + 100. Let n(o) = 4*o - 50. Let z(a) = 5*n(a) + 3*t(a). Let r be z(-22). What is the highest common factor of r and 9?
9
Suppose 0 = 26*j - 21*j. Suppose j = 5*c + 3*f - 93, -c - 2*f + 97 = 4*c. Calculate the highest common divisor of 7 and c.
7
Let o = -10 - -20. Suppose 27 = 5*l + 4*z, -2*l = -4*l - 2*z + o. Calculate the highest common factor of l and 49.
7
Suppose -b + 5*l + 270 = 0, -5*b + 9*b - 1026 = 2*l. Suppose -4*y - 153 = -7*y. Calculate the highest common divisor of y and b.
51
Let t(a) = -a**2 + 42*a - 75. Let c be t(27). What is the highest common factor of 132 and c?
66
Suppose m = -b + 3*b - 16, -4*m - 5*b - 77 = 0. Let c be (-3)/m - 70/(-12). What is the greatest common divisor of 54 and c?
6
Suppose 4*b - 9 = s - 4, -5 = -b + s. Suppose -2*y + 9 = y. Suppose b*r = y*r - 156. Calculate the greatest common divisor of r and 26.
26
Suppose 2*b = 3*v + 1489, -2969 = 22*b - 26*b + 3*v. Calculate the greatest common factor of 40 and b.
20
Suppose 3*l = -5*u - 52, 0*l - 23 = 2*l + u. Let v = l + 10. Let w be 59 - (3 - v) - -3. What is the greatest common factor of w and 15?
15
Suppose 2*l = 3*n - l - 153, 3*l = -15. Suppose 0 = a - 18 - 488. What is the greatest common divisor of a and n?
46
Let j(f) = -45*f + 62. Let a be j(-20). What is the highest common divisor of a and 52?
26
Let x = 653 - 525. Calculate the greatest common factor of 32 and x.
32
Let d = -44 + 74. Suppose 5*k - 4*k + 3*h - d = 0, -5*k + 188 = -4*h. What is the highest common divisor of 12 and k?
12
Let l(g) = 20*g + 424. Let b be l(-14). What is the greatest common factor of 528 and b?
48
Suppose -694 = 38*j - 3430. Calculate the highest common divisor of j and 64.
8
Suppose -m - 45 = 2*y + 4*m, -4*m = 4. Let v = -16 - y. Suppose 0 = c - 4*h - 22, 3*c + 3*h + v + 5 = 0. What is the greatest common factor of 18 and c?
2
Suppose 2*v + 4 = 0, -3*l + 403 = -3*v - 467. What is the greatest common divisor of 18 and l?
18
Suppose 6*u - 2*u = 3*t - 16, 3*t = 5*u + 23. Let k be 4298/49 + (-2)/u. Let m = k - 48. Calculate the greatest common divisor of m and 10.
10
Suppose -3*z = 7*z - 160. What is the greatest common divisor of z and 272?
16
Let c be (4 - 8834/(-147)) + (-6)/63. Calculate the greatest common divisor of c and 176.
16
Suppose 0 = -4*p - 3*c + 4227, 2*p + 3*c - 2116 = c. What is the highest common divisor of p and 117?
117
Let u(d) = -13*d + 3. Let s be u(-3). Suppose 0 = -14*p + 12*p + s. Suppose 3*n = 17 - 8. What is the highest common divisor of p and n?
3
Let q(s) = s**3 - 7*s**2 + 9*s + 5. Let t be q(6). What is the highest common divisor of 161 and t?
23
Suppose 5*z + 16 = 76. Let b(q) = -q**3 - 3*q**2 - 2*q. Let x be b(-2). Suppose x*k = 3*k - 252. What is the greatest common factor of k and z?
12
Suppose -46 + 10 = 4*h. Let n = h - -14. Suppose -n*c + 305 = -85. What is the highest common factor of c and 13?
13
Suppose -100 = 2*i + o + 2*o, -4*i - 198 = 5*o. Let t = i - -65. Calculate the greatest common divisor of t and 198.
18
Suppose 4*m - 4*d = 8, 5*m = 5*d - d + 9. Let k be (-38)/(-8)*(m - 5). Let r = -5 - k. What is the highest common factor of r and 2?
2
Suppose 7*t + 1764 = 35*t. Calculate the highest common factor of t and 162.
9
Suppose -p